{"id":43,"date":"2024-08-21T21:32:04","date_gmt":"2024-08-21T19:32:04","guid":{"rendered":"https:\/\/sti-service.com\/wp\/?page_id=43"},"modified":"2025-03-28T03:38:43","modified_gmt":"2025-03-28T02:38:43","slug":"home","status":"publish","type":"page","link":"https:\/\/sti-service.com\/","title":{"rendered":"STI"},"content":{"rendered":"\n\n\n\r\n<h3>SERVICE TECHNIQUE INDUSTRIE<\/h3>\r\n\n\n\r\n<p>nous proposons des solutions techniques adapt\u00e9es \u00e0 vos besoins sp\u00e9cifiques, qu\u2019il s\u2019agisse de maintenance, de r\u00e9paration, d\u2019optimisation ou de gestion de projets industriels.<\/p>\r\n\n\n\n\n\n\n\n\n\n\n\n\r\n<p>&nbsp;<\/p>\r\n\n\n\n\n\n\n\n\n\r\n<p>&nbsp;<\/p>\r\n\n\n\n\n\n\n\n\n\n\n\n\n\n\n\n\n\n\n\r\n<h3>NOUS SERVICES<\/h3>\r\n\n\n\n\n\n\n\n\n\r\n<h4>Maintenance et R\u00e9paration<\/h4>\r\n\n\r\n<p><strong>Maintenance pr\u00e9ventive<\/strong> : Entretien r\u00e9gulier pour \u00e9viter les pannes. <strong>Maintenance corrective<\/strong> : R\u00e9paration des \u00e9quipements d\u00e9faillants. <strong>Maintenance pr\u00e9dictive<\/strong> : Analyse des donn\u00e9es pour pr\u00e9dire les pannes avant qu\u2019elles ne se produisent..<\/p>\r\n\n\r\n<h4>Consultation Technique<\/h4>\r\n\n\r\n<p><strong>\u00c9valuation des besoins<\/strong> : Analyse des exigences techniques et op\u00e9rationnelles.<\/p>\r\n\n\r\n<p><strong>Conception et optimisation<\/strong> : Am\u00e9lioration des processus et des syst\u00e8mes existants.<\/p>\r\n\n\r\n<p><strong> Formation<\/strong> : Formation du personnel \u00e0 l\u2019utilisation des \u00e9quipements et des technologies.<\/p>\r\n\n\r\n<h4>Support Technique et Assistance<\/h4>\r\n\n\n\n\n\n\n\n\r\n<h3>STI\u00a0<\/h3>\r\n\n\n\n\n\n\n\n\n\n\n\n\n\n\n\n","protected":false},"excerpt":{"rendered":"","protected":false},"author":1,"featured_media":0,"parent":0,"menu_order":0,"comment_status":"closed","ping_status":"closed","template":"","meta":{"pagelayer_contact_templates":[],"_pagelayer_content":"","footnotes":""},"class_list":["post-43","page","type-page","status-publish","hentry"],"_links":{"self":[{"href":"https:\/\/sti-service.com\/index.php?rest_route=\/wp\/v2\/pages\/43","targetHints":{"allow":["GET"]}}],"collection":[{"href":"https:\/\/sti-service.com\/index.php?rest_route=\/wp\/v2\/pages"}],"about":[{"href":"https:\/\/sti-service.com\/index.php?rest_route=\/wp\/v2\/types\/page"}],"author":[{"embeddable":true,"href":"https:\/\/sti-service.com\/index.php?rest_route=\/wp\/v2\/users\/1"}],"replies":[{"embeddable":true,"href":"https:\/\/sti-service.com\/index.php?rest_route=%2Fwp%2Fv2%2Fcomments&post=43"}],"version-history":[{"count":50,"href":"https:\/\/sti-service.com\/index.php?rest_route=\/wp\/v2\/pages\/43\/revisions"}],"predecessor-version":[{"id":442,"href":"https:\/\/sti-service.com\/index.php?rest_route=\/wp\/v2\/pages\/43\/revisions\/442"}],"wp:attachment":[{"href":"https:\/\/sti-service.com\/index.php?rest_route=%2Fwp%2Fv2%2Fmedia&parent=43"}],"curies":[{"name":"wp","href":"https:\/\/api.w.org\/{rel}","templated":true}]}}